{"id":25,"date":"2026-02-27T11:57:50","date_gmt":"2026-02-27T11:57:50","guid":{"rendered":"https:\/\/auguste.philippramsch.de\/?page_id=25"},"modified":"2026-03-01T22:18:39","modified_gmt":"2026-03-01T22:18:39","slug":"oeffentlicher-antragshinweis","status":"publish","type":"page","link":"https:\/\/auguste.philippramsch.de\/index.php\/oeffentlicher-antragshinweis\/","title":{"rendered":"\u00d6ffentlicher Antragshinweis"},"content":{"rendered":"\t\t<div data-elementor-type=\"wp-page\" data-elementor-id=\"25\" class=\"elementor elementor-25\" data-elementor-post-type=\"page\">\n\t\t\t\t<div class=\"elementor-element elementor-element-5c4bf3bb e-flex e-con-boxed e-con e-parent\" data-id=\"5c4bf3bb\" data-element_type=\"container\" data-e-type=\"container\">\n\t\t\t\t\t<div class=\"e-con-inner\">\n\t\t\t\t<div class=\"elementor-element elementor-element-72857d20 elementor-widget elementor-widget-text-editor\" data-id=\"72857d20\" data-element_type=\"widget\" data-e-type=\"widget\" data-widget_type=\"text-editor.default\">\n\t\t\t\t\t\t\t\t\t\n        <div class=\"ast-public-form\">\n            <div class=\"ast-card\">\n                <div class=\"ast-card-header\"><h3>Antrag einreichen<\/h3><\/div>\n                <p class=\"ast-info-text\">Bitte nutzen Sie das untenstehende Formular f\u00fcr Ihre Antragseinreichung. Sensible Dokumente (Kontoausz\u00fcge, Nachweise) senden Sie bitte separat per Post oder E-Mail.<\/p>\n\n                                <div class=\"ast-nexform-embed\" style=\"margin-top:20px;\">\n                    <style type=\"text\/css\">#nex-forms{display:none;}<\/style><div id=\"nf_form_94959\">\r\n\t\t\t\r\n\t\t\t<style type=\"text\/css\">\r\n\t\t\t\r\n\t\t\t\t#nex-forms.anmeldeformular .nf-loader-lds-spinner div:after {background: #40C4FF; }\r\n\t\t\t\t#nex-forms.anmeldeformular .nf-loader-lds-grid div {background: #40C4FF; }\r\n\t\t\t\t#nex-forms.anmeldeformular .nf-loader-lds-ellipsis div { background: #40C4FF;}\r\n\t\t\t\t#nex-forms.anmeldeformular .nf-loader-lds-default div {background: #40C4FF;}\r\n\t\t\t\t#nex-forms.anmeldeformular .nf-loader-lds-roller div:after {background: #40C4FF;}\r\n\t\t\t\t#nex-forms.anmeldeformular .nf-loader-lds-heart div,\r\n\t\t\t\t#nex-forms.anmeldeformular .nf-loader-lds-heart div:after,\r\n\t\t\t\t#nex-forms.anmeldeformular .nf-loader-lds-heart div:before {background: #40C4FF;}\r\n\t\r\n\t\t\t\t\r\n\t\t\t\t#nex-forms.anmeldeformular .nf-loader-lds-facebook div {background: #40C4FF;}\r\n\t\t\t\t#nex-forms.anmeldeformular .nf-loader-lds-circle > div {background: #40C4FF;}\r\n\t\t\t\t\r\n\t\t\t\t#nex-forms.anmeldeformular .nf-loader-lds-dual-ring:after {border: 6px solid #40C4FF;border-color: #40C4FF transparent #40C4FF transparent;}\r\n\t\t\t\t#nex-forms.anmeldeformular .nf-loader-lds-ring div {border: 8px solid #40C4FF;border-color: #40C4FF transparent transparent transparent;}\r\n\t\t\t\t#nex-forms.anmeldeformular .nf-loader-lds-hourglass:after {border: 32px solid #40C4FF;border-color: #40C4FF transparent #40C4FF transparent;}\r\n\t\t\t\t#nex-forms.anmeldeformular .nf-loader-lds-ripple div {border: 4px solid #40C4FF;}\r\n\t\t\t<\/style>\r\n\t\t\t\r\n\t\t\t\r\n\t\t\t<div id=\"nex-forms\" data-loader=\"ellipsis\" data-msg-hide-form=\"yes\" data-msg-position=\"top\" data-msg-placement=\"outside\"  class=\"nex-forms anmeldeformular  \"><div class=\"pre_fill_fields\"><\/div><div class=\"set_form_theme theme-default\"><div class=\"nex_success_message msg_top msgv2 animated hidden\" style=\"display:none;\"><div class=\"nex_success_message_container\" style=\"background: #fff;box-shadow: #00000033 0px 7px 16px 0px;border-radius: 4px;padding: 30px;border-color:#ddd\"><div class=\"msg_text\"><div class=\"form_field all_fields icon html_fields wow bounceInUp\" style=\"margin-bottom: 15px\" id=\"_21501\" data-animation-name=\"bounceInUp\">\n\t\t\t\t\t\t\t  <div class=\"edit_mask\"><\/div>\n\t\t\t\t\t\t\t  \n\t\t\t\t\t\t\t\t<div class=\"icon_container_wrapper icon_center\">\n\t\t\t\t\t\t\t\t  <div class=\"icon_container\" id=\"field_container\" style=\"border-width: 0px;background-color: transparent\">\n\t\t\t\t\t\t\t\t\t<div class=\"\">\n\t\t\t\t\t\t\t\t\t  <div class=\"input_container\">\n\t\t\t\t\t\t\t\t\t\t<div class=\"the_input_element icon_element\" style=\"font-size: 50px;color: #2979ff\"><span class=\"fas fa-check-circle\"><\/span><\/div>\n\t\t\t\t\t\t\t\t\t  <\/div>\n\t\t\t\t\t\t\t\t\t<\/div>\n\t\t\t\t\t\t\t\t  <\/div>\n\t\t\t\t\t\t\t\t  \n\t\t\t\t\t\t\t\t<\/div>\n\t\t\t\t\t\t\t  \n\t\t\t\t\t\t\t<\/div>\n\t\t\t\t\t\t\t<div class=\"form_field all_fields html html_fields wow fadeInDown\" style=\"margin-bottom: 15px\" data-animation-name=\"fadeInDown\" data-wow-delay=\"0.5s\" id=\"_36729\">\n\t\t\t\t\t\t\t  <div class=\"edit_mask\"><\/div>\n\t\t\t\t\t\t\t  \n\t\t\t\t\t\t\t\t<div class=\"row\">\n\t\t\t\t\t\t\t\t  <div class=\"col-sm-12\" id=\"field_container\">\n\t\t\t\t\t\t\t\t\t<div class=\"row\">\n\t\t\t\t\t\t\t\t\t  <div class=\"col-sm-12 input_container\">\n\t\t\t\t\t\t\t\t\t\t<div class=\"the_input_element align_center\" data-math-equation=\"\" data-original-math-equation=\"\" data-decimal-places=\"0\">Vielen Dank f\u00fcr Ihre Kontaktaufnahme. Wir werden Ihnen in K\u00fcrze antworten.<\/div>\n\t\t\t\t\t\t\t\t\t\t<div style=\"clear:both\"><\/div>\n\t\t\t\t\t\t\t\t\t  <\/div>\n\t\t\t\t\t\t\t\t\t<\/div>\n\t\t\t\t\t\t\t\t  <\/div>\n\t\t\t\t\t\t\t\t  \n\t\t\t\t\t\t\t\t<\/div>\n\t\t\t\t\t\t\t  \n\t\t\t\t\t\t\t<\/div><\/div><\/div><\/div><div data-timer-start=\"1\" data-timer-end=\"0\" class=\"inner-canvas-container ui-nex-forms-container ui-nex-forms-container-fe  bootstrap\" id=\"ui-nex-forms-container-1\"  ><div class=\"current_step\" style=\"display:none;\">1<\/div><div class=\"last_visited_step\" style=\"display:none;\">1<\/div><div class=\"nex-forms-header-footer nex-forms-header timer_inline timer_right no-front-end\"><\/div><div id=\"the_plugin_url\" style=\"display:none;\">https:\/\/auguste.philippramsch.de\/wp-content\/plugins\/nex-forms-premium<\/div><div id=\"nf_save_form_progress\" style=\"display:none;\">false<\/div><div id=\"confirmation_page\" class=\"confirmation_page\" style=\"display:none;\"><\/div><div id=\"on_form_submmision\" class=\"on_form_submmision\" style=\"display:none;\">message<\/div><div class=\"hidden\" id=\"nf_ajax_url\" style=\"display:none;\">https:\/\/auguste.philippramsch.de\/wp-admin\/admin-ajax.php<\/div><div class=\"hidden\" id=\"paypal_return_url\" style=\"display:none;\">https:\/\/auguste.philippramsch.de\/wp-json\/wp\/v2\/pages\/25<\/div><div class=\"hidden\" id=\"ms_scroll_to_top\" style=\"display:none;\">yes<\/div><div class=\"v7_container form_type_normal   \" style=\"background: #fff;box-shadow: #00000033 0px 7px 16px 0px;border-radius: 0px;padding: 30px;border-color:#ddd\"><div class=\"current_field_on_focus\" style=\"display:none\">1<\/div><form id=\"1\" class=\"submit-nex-form nex-forms-1\" data-form-id=\"1\" name=\"nex_form\" action=\"https:\/\/auguste.philippramsch.de\/wp-admin\/admin-ajax.php\" method=\"post\" enctype=\"multipart\/form-data\"><div class=\"step_transition_in\" style=\"display:none;\">fadeIn<\/div><div class=\"step_transition_out\" style=\"display:none;\">fadeOut<\/div><input type=\"hidden\" name=\"nex_forms_Id\" value=\"1\"><input type=\"hidden\" name=\"page\" value=\"\/index.php\/wp-json\/wp\/v2\/pages\/25\"><input type=\"hidden\" name=\"ip\" value=\"216.73.216.223\"><input type=\"hidden\" name=\"nf_page_id\" value=\"25\"><input type=\"hidden\" name=\"nf_page_title\" value=\"\u00d6ffentlicher Antragshinweis\"><input type=\"text\" name=\"company_url\" value=\"\" placeholder=\"enter company url\" class=\"form-control req\">\n\t\t\t\t\t\t\t<div class=\"form_field hidden\" id=\"_92168\">\n\t\t\t\t\t\t\t\t<input class=\"ms_current_step\" value=\"1\" name=\"ms_current_step\" type=\"hidden\" id=\"_92168__ms_current_step\">\n\t\t\t\t\t\t\t<\/div>\n\t\t\t\t\t\t\t<div class=\"form_field all_fields name preset_fields required has_prefix_icon\" style=\"margin-bottom: 15px\" id=\"_98624\"><div class=\"row\"><div class=\"col-sm-12\" id=\"field_container\"><div class=\"row\"><div class=\"col-sm-12 label_container align_left\"><label class=\"nf_title \" for=\"input__98624\"><span class=\"the_label\" style=\"font-size: 13px;color: #5b5b5b\">*Name<\/span><\/label><\/div><div class=\"col-sm-12  input_container\"><div class=\"input-group\"><span class=\"input-group-addon prefix \" style=\"color: #888888;background: white;border-color: #dddddd\"><span class=\"fa fas fa-user\" style=\"font-size: 17px\"><\/span><\/span><input type=\"text\" name=\"_name\" class=\"error_message required form-control the_input_element aling_left align_left\" data-onfocus-color=\"#66AFE9\" data-drop-focus-swadow=\"1\" data-placement=\"bottom\" data-content=\"Erforderlich\" title=\"\" data-secondary-message=\"\" data-text-transform=\"ucf\" style=\"font-size: 13px;color: #5b5b5b;background: white;border-color: #dddddd\" data-np-checked=\"1\" data-np-autofill-field-type=\"lastName\" id=\"input__98624\"><\/div><\/div><\/div><\/div><\/div><\/div><div class=\"form_field all_fields email email preset_fields required has_prefix_icon\" style=\"margin-bottom: 15px\" id=\"_33036\"><div class=\"row\"><div class=\"col-sm-12\" id=\"field_container\"><div class=\"row\"><div class=\"col-sm-12 label_container align_left\"><label class=\"nf_title \" for=\"input__33036\"><span class=\"the_label\" style=\"font-size: 13px;color: #5b5b5b\">*E-Mail<\/span><\/label><\/div><div class=\"col-sm-12  input_container\"><div class=\"input-group\"><span class=\"input-group-addon prefix \" style=\"color: #888888;background: white;border-color: #dddddd\"><span class=\"fa fas fa-envelope\" style=\"font-size: 17px\"><\/span><\/span><input type=\"text\" name=\"e-mail\" class=\"error_message required email form-control the_input_element aling_left align_left\" data-onfocus-color=\"#66AFE9\" data-drop-focus-swadow=\"1\" data-placement=\"bottom\" data-content=\"Erforderlich\" title=\"\" data-secondary-message=\"Invalid email address\" data-text-transform=\"lc\" style=\"font-size: 13px;color: #5b5b5b;background: white;border-color: #dddddd\" data-np-checked=\"1\" data-np-autofill-field-type=\"email\" id=\"input__33036\"><\/div><\/div><\/div><\/div><\/div><\/div><div class=\"form_field all_fields text common_fields\" style=\"margin-bottom: 15px;position: relative;top: 0px\" id=\"_77115\"><div class=\"row\"><div class=\"col-sm-12\" id=\"field_container\"><div class=\"row\"><div class=\"col-sm-12 label_container align_left\"><label class=\"nf_title \" for=\"input__77115\"><span class=\"the_label\" style=\"font-size: 13px;color: #5b5b5b\">Adresse<\/span><\/label><\/div><div class=\"col-sm-12  input_container\"><input type=\"text\" name=\"adresse\" class=\"form-control error_message the_input_element aling_left align_left\" data-maxlength-color=\"label label-success\" data-maxlength-position=\"bottom\" data-maxlength-show=\"false\" data-default-value=\"\" data-onfocus-color=\"#66AFE9\" data-drop-focus-swadow=\"1\" data-placement=\"bottom\" data-content=\"Required\" data-secondary-message=\"\" title=\"\" style=\"font-size: 13px;color: #5b5b5b;background: white;border-color: #dddddd\" id=\"input__77115\"><\/div><\/div><\/div><\/div><\/div><div class=\"form_field all_fields phone_number phone_number preset_fields required has_prefix_icon\" style=\"margin-bottom: 15px\" id=\"_12279\"><div class=\"row\"><div class=\"col-sm-12\" id=\"field_container\"><div class=\"row\"><div class=\"col-sm-12 label_container align_left\"><label class=\"nf_title \" for=\"input__12279\"><span class=\"the_label\" style=\"font-size: 13px;color: #5b5b5b\">*Telefon<\/span><\/label><\/div><div class=\"col-sm-12  input_container\"><div class=\"input-group\"><span class=\"input-group-addon prefix \" style=\"color: #888888;background: white;border-color: #dddddd\"><span class=\"fa fa fa-phone\" style=\"font-size: 17px\"><\/span><\/span><input type=\"text\" name=\"telefon\" class=\"error_message required phone_number form-control the_input_element aling_left align_left\" data-onfocus-color=\"#66AFE9\" data-drop-focus-swadow=\"1\" data-placement=\"bottom\" data-content=\"Erforderlich\" title=\"\" data-secondary-message=\"Invalid phone number\" style=\"font-size: 13px;color: #5b5b5b;background: white;border-color: #dddddd\" data-np-checked=\"1\" data-np-autofill-field-type=\"phone\" id=\"input__12279\"><\/div><\/div><\/div><\/div><\/div><\/div><div class=\"form_field all_fields text common_fields\" style=\"margin-bottom: 15px;position: relative;top: 0px\" id=\"_32837\"><div class=\"row\"><div class=\"col-sm-12\" id=\"field_container\"><div class=\"row\"><div class=\"col-sm-12 label_container align_left\"><label class=\"nf_title \" for=\"input__32837\"><span class=\"the_label\" style=\"font-size: 13px;color: #5b5b5b\">Betrag<\/span><\/label><\/div><div class=\"col-sm-12  input_container\"><input type=\"text\" name=\"betrag\" class=\"form-control error_message the_input_element aling_left align_left\" data-maxlength-color=\"label label-success\" data-maxlength-position=\"bottom\" data-maxlength-show=\"false\" data-default-value=\"\" data-onfocus-color=\"#66AFE9\" data-drop-focus-swadow=\"1\" data-placement=\"bottom\" data-content=\"Required\" data-secondary-message=\"\" title=\"\" style=\"font-size: 13px;color: #5b5b5b;background: white;border-color: #dddddd\" data-np-checked=\"1\" id=\"input__32837\"><\/div><\/div><\/div><\/div><\/div><div class=\"form_field all_fields Query preset_fields required animated has_prefix_icon\" style=\"margin-bottom: 15px\" id=\"_47912\"><div class=\"row\"><div class=\"col-sm-12\" id=\"field_container\"><div class=\"row\"><div class=\"col-sm-12 label_container align_left\"><label class=\"nf_title \" for=\"input__47912\"><span class=\"the_label\" style=\"font-size: 13px;color: #5b5b5b\">*Nachricht<\/span><\/label><\/div><div class=\"col-sm-12  input_container\"><div class=\"input-group\"><span class=\"input-group-addon prefix \" style=\"color: #888888;background: white;border-color: #dddddd\"><span class=\"fa fa fa-comment\" style=\"font-size: 17px\"><\/span><\/span><textarea name=\"nachricht\" placeholder=\"\" data-maxlength-color=\"label label-success\" data-maxlength-position=\"bottom\" data-maxlength-show=\"false\" data-default-value=\"\" class=\"error_message required the_input_element textarea pre-format form-control aling_left align_left\" data-onfocus-color=\"#66AFE9\" data-drop-focus-swadow=\"1\" data-placement=\"bottom\" data-content=\"Erforderlich\" title=\"\" style=\"font-size: 13px;color: #5b5b5b;background: white;border-color: #dddddd\" data-np-checked=\"1\" id=\"input__47912\"><\/textarea><\/div><\/div><\/div><\/div><\/div><\/div><div class=\"form_field all_fields upload-single upload_fields has_postfix_icon\" style=\"margin-bottom: 15px;position: relative;top: 0px\" id=\"_27301\"><div class=\"row\"><div class=\"col-sm-12\" id=\"field_container\"><div class=\"row\"><div class=\"col-sm-12 label_container align_left\"><label class=\"nf_title \" for=\"input__27301\"><span class=\"the_label\" style=\"font-size: 13px;color: #5b5b5b\">Dokumente<\/span><\/label><\/div><div class=\"col-sm-12  input_container\"><div class=\"fileinput fileinput-new\" data-provides=\"fileinput\">\n\t\t\t\t\t\t\t\t\t\t\t\t\t\t\t\t\t\t\t  <div class=\"input-group\">\n\t\t\t\t\t\t\t\t\t\t\t\t\t\t\t\t\t\t\t\t<div name=\"dokumente\" class=\"the_input_element form-control  aling_left uneditable-input span3 error_message\" data-content=\"Erforderlich\" data-secondary-message=\"Invalid file extension\" data-placement=\"bottom\" data-trigger=\"fileinput\"><i class=\"fas fa-cloud-upload-alt fileinput-exists\"><\/i> <span class=\"fileinput-filename\"><\/span><\/div>\n\t\t\t\t\t\t\t\t\t\t\t\t\t\t\t\t\t\t\t\t<span class=\"input-group-addon btn-default btn-file postfix\" style=\"color: #888888;background: white;border-color: #dddddd\"><span class=\"fa fa-cloud-upload\" style=\"font-size: 17px\"><\/span><input type=\"file\" name=\"dokumente\" class=\"the_input_element align_left\" style=\"font-size: 13px;color: #5b5b5b;background: white;border-color: #dddddd\" id=\"_27301__dokumente\"><\/span>\n\t\t\t\t\t\t\t\t\t\t\t\t\t\t\t\t\t\t\t\t<a href=\"#\" class=\"input-group-addon btn btn-default fileinput-exists\" data-dismiss=\"fileinput\"><span class=\"fu-text\">X<\/span><\/a>\n\t\t\t\t\t\t\t\t\t\t\t\t\t\t\t\t\t\t\t\t<div class=\"get_file_ext\" style=\"display:none\">doc,docx,mpg,mpeg,mp3,mp4,odt,odp,ods,pdf,ppt,pptx,txt,xls,xlsx<\/div>\n\t\t\t\t\t\t\t\t\t\t\t\t\t\t\t\t\t\t\t  <\/div>\n\t\t\t\t\t\t\t\t\t\t\t\t\t\t\t\t\t\t\t<\/div><\/div><\/div><\/div><\/div><\/div><div class=\"form_field all_fields submit-button the_submit button_fields common_fields preset_fields special_fields selection_fields\" style=\"margin-bottom: 15px\" id=\"_69108\"><div class=\"row\"><div class=\"col-sm-12\" id=\"field_container\"><div class=\"row\"><div class=\"col-sm-12  input_container\"><button class=\"nex-submit svg_ready the_input_element btn btn-default col-sm-12\" data-ga=\"\" data-np-autofill-submit=\"\">Senden<\/button><\/div><\/div><\/div><\/div><\/div><\/form><\/div><\/div><\/div><\/div><\/div><style type=\"text\/css\" class=\"nex-forms-custom-css\"><\/style>                <\/div>\n                \n                <p style=\"margin-top:16px;\"><small><i class=\"fas fa-shield-alt\"><\/i> Ich willige ein, dass die Auguste-Stiftung zu Cottbus meine im Antrag angegebenen personenbezogenen Daten (Name, E-Mail-Adresse, Telefonnummer, Anschrift, Angaben zum F\u00f6rderzweck und -betrag sowie hochgeladene Dokumente) zum Zweck der Pr\u00fcfung, Bearbeitung und Entscheidung \u00fcber meinen F\u00f6rderantrag erhebt, verarbeitet und speichert.\r\nMir ist bekannt, dass meine Daten durch befugte Mitarbeiter der Gesch\u00e4ftsstelle sowie die Mitglieder des Kuratoriums der Auguste-Stiftung zu Cottbus eingesehen werden. Eine Weitergabe an unbeteiligte Dritte erfolgt nicht.\r\nMeine Daten werden nach Abschluss der Antragsbearbeitung gem\u00e4\u00df den gesetzlichen Aufbewahrungsfristen gespeichert und anschlie\u00dfend gel\u00f6scht.\r\nIch wurde auf meine Rechte gem\u00e4\u00df DSGVO (Auskunft, Berichtigung, L\u00f6schung, Einschr\u00e4nkung, Widerspruch) hingewiesen. Mir ist bekannt, dass ich diese Einwilligung jederzeit ohne Angabe von Gr\u00fcnden mit Wirkung f\u00fcr die Zukunft widerrufen kann, indem ich mich an die Auguste-Stiftung zu Cottbus, Neumarkt 5 (Rathaus), 03046 Cottbus wende. Der Widerruf ber\u00fchrt nicht die Rechtm\u00e4\u00dfigkeit der bis dahin erfolgten Verarbeitung.<\/small><\/p>\n            <\/div>\n        <\/div>\n        \n\t\t\t\t\t\t\t\t<\/div>\n\t\t\t\t\t<\/div>\n\t\t\t\t<\/div>\n\t\t\t\t<\/div>\n\t\t","protected":false},"excerpt":{"rendered":"","protected":false},"author":1,"featured_media":0,"parent":0,"menu_order":0,"comment_status":"closed","ping_status":"closed","template":"","meta":{"footnotes":""},"class_list":["post-25","page","type-page","status-publish","hentry"],"_links":{"self":[{"href":"https:\/\/auguste.philippramsch.de\/index.php\/wp-json\/wp\/v2\/pages\/25","targetHints":{"allow":["GET"]}}],"collection":[{"href":"https:\/\/auguste.philippramsch.de\/index.php\/wp-json\/wp\/v2\/pages"}],"about":[{"href":"https:\/\/auguste.philippramsch.de\/index.php\/wp-json\/wp\/v2\/types\/page"}],"author":[{"embeddable":true,"href":"https:\/\/auguste.philippramsch.de\/index.php\/wp-json\/wp\/v2\/users\/1"}],"replies":[{"embeddable":true,"href":"https:\/\/auguste.philippramsch.de\/index.php\/wp-json\/wp\/v2\/comments?post=25"}],"version-history":[{"count":4,"href":"https:\/\/auguste.philippramsch.de\/index.php\/wp-json\/wp\/v2\/pages\/25\/revisions"}],"predecessor-version":[{"id":117,"href":"https:\/\/auguste.philippramsch.de\/index.php\/wp-json\/wp\/v2\/pages\/25\/revisions\/117"}],"wp:attachment":[{"href":"https:\/\/auguste.philippramsch.de\/index.php\/wp-json\/wp\/v2\/media?parent=25"}],"curies":[{"name":"wp","href":"https:\/\/api.w.org\/{rel}","templated":true}]}}